 9c - -9?
a7
In base 13, what is -3b + 78?
3a
In base 6, what is 4 - 11034?
-11030
In base 2, what is -1111011 + -10?
-1111101
In base 5, what is 421 + -123?
243
In base 4, what is -122031 + -3?
-122100
In base 9, what is 145 + -3?
142
In base 13, what is a + 10?
1a
In base 7, what is 1 - 26?
-25
In base 16, what is c4 + 27?
eb
In base 9, what is 3 - -11?
14
In base 2, what is -11 + 101101?
101010
In base 10, what is 15592 - -3?
15595
In base 13, what is c - -49?
58
In base 5, what is 40 - 130?
-40
In base 14, what is -2 - -38a?
388
In base 8, what is 6 + 4224?
4232
In base 4, what is -10 - 123?
-133
In base 16, what is 338 - -5?
33d
In base 5, what is -12 + 32?
20
In base 16, what is 5 + 11f2?
11f7
In base 14, what is 57 + -1?
56
In base 2, what is -100 + 1001?
101
In base 5, what is 111 - -203?
314
In base 11, what is 8 - 117?
-10a
In base 4, what is -11 - -303?
232
In base 14, what is -120b - 5?
-1212
In base 10, what is -8 + -3?
-11
In base 4, what is -1210 - -122?
-1022
In base 11, what is 6 - 4036?
-4030
In base 16, what is 4 + -1bc?
-1b8
In base 16, what is 11 - -8?
19
In base 10, what is -1436 + 5?
-1431
In base 10, what is 3 - -14?
17
In base 6, what is -302 + -5?
-311
In base 14, what is -b + a?
-1
In base 15, what is 1053 - 1?
1052
In base 15, what is -2 + -12b?
-12d
In base 3, what is 22 - 21?
1
In base 4, what is -101 - 2?
-103
In base 9, what is 3 + 1004?
1007
In base 13, what is 4 + -211a?
-2116
In base 15, what is -b - -a?
-1
In base 8, what is 436 - 3?
433
In base 2, what is 10 - 100001001?
-100000111
In base 6, what is -22452 - -1?
-22451
In base 5, what is -221 + -12?
-233
In base 2, what is -101 + 100001101110?
100001101001
In base 6, what is -10 - -220?
210
In base 11, what is 1 + 534?
535
In base 5, what is -3 + 3304?
3301
In base 6, what is 522 + 15?
541
In base 6, what is 13 - 33?
-20
In base 5, what is -220043 - -3?
-220040
In base 12, what is -5 - -5b?
56
In base 10, what is 0 - 2841?
-2841
In base 8, what is -3 + 757?
754
In base 4, what is -21 + -3303?
-3330
In base 16, what is 577 + 4?
57b
In base 2, what is 1 + 111001?
111010
In base 14, what is -106 - -2a?
-ba
In base 2, what is -10011101 + 110?
-10010111
In base 2, what is -10111011 - 1?
-10111100
In base 14, what is 2 + -54?
-52
In base 8, what is -72 + 2?
-70
In base 9, what is -24 - 2?
-26
In base 14, what is -6d3 + -1?
-6d4
In base 4, what is 11 + -23031?
-23020
In base 8, what is 0 - -206?
206
In base 14, what is -14 + 6d?
59
In base 11, what is -99 + -29?
-117
In base 12, what is 437 + 6?
441
In base 5, what is -10 - -231?
221
In base 14, what is -6 - 28?
-30
In base 6, what is 55 - -1343?
1442
In base 16, what is -4e - 3?
-51
In base 14, what is 2 - 1c8?
-1c6
In base 15, what is -16 + -13?
-29
In base 8, what is 0 + 16?
16
In base 6, what is 331 + 1?
332
In base 6, what is -242 - 0?
-242
In base 3, what is -11200112 + 1?
-11200111
In base 3, what is 1202 + 1202?
10111
In base 8, what is 4 + -7?
-3
In base 6, what is 203 - -23?
230
In base 8, what is -13373 - 4?
-13377
In base 9, what is 71 + 11?
82
In base 7, what is -1 - -140?
136
In base 13, what is 19 - -156?
172
In base 10, what is 1024 - 0?
1024
In base 7, what is 56455 + 1?
56456
In base 13, what is -3 + 568?
565
In base 7, what is 124 + -414?
-260
In base 8, what is -356 - 4?
-362
In base 4, what is -11 - -312?
301
In base 8, what is 6 - -1?
7
In base 16, what is 1 - a4?
-a3
In base 2, what is 110010110 + 11?
110011001
In base 7, what is 5 - -212?
220
In base 6, what is 0 - 4530?
-4530
In base 15, what is 34 + 33e?
373
In base 16, what is -20b - 2?
-20d
In base 10, what is -11 - -238?
227
In base 15, what is 68 + -1?
67
In base 4, what is -121203 + -2?
-121211
In base 15, what is 5 + -12?
-c
In base 9, what is -1 + 140?
138
In base 14, what is 4 - -c5c?
c62
In base 15, what is -be + 5?
-b9
In base 13, what is 5 - 179?
-174
In base 10, what is 366 - -4?
370
In base 9, what is 14 + 1?
15
In base 13, what is 41 + 1?
42
In base 14, what is -a6 + 1?
-a5
In base 4, what is -3 + -12100?
-12103
In base 12, what is -40 + 2?
-3a
In base 7, what is 5501 + -5?
5463
In base 3, what is 2 + 212?
221
In base 10, what is 1967 - -3?
1970
In base 10, what is -4 + 244?
240
In base 12, what is -154 - -100?
-54
In base 6, what is -12 - -15?
3
In base 13, what is -a - 39?
-46
In base 12, what is 378 + 2?
37a
In base 7, what is 4 + 13?
20
In base 3, what is 221 + 122?
1120
In base 14, what is 4 + -147?
-143
In base 8, what is 2332 + 4?
2336
In base 9, what is -3 + 576?
573
In base 16, what is 5f + -1?
5e
In base 5, what is -4 + 130?
121
In base 3, what is 12120 + 10102?
22222
In base 12, what is 27035 + -3?
27032
In base 5, what is -1 + -413?
-414
In base 4, what is -2212 + -12?
-2230
In base 14, what is 84 + 37?
bb
In base 10, what is -202 + 1?
-201
In base 7, what is 24 - -13?
40
In base 7, what is 21 + 10621?
10642
In base 15, what is -3598 + 4?
-3594
In base 6, what is 204 + -2?
202
In base 7, what is 0 + 62?
62
In base 16, what is -179 + 3?
-176
In base 14, what is 1044 - -5?
1049
In base 7, what is 24 + -255?
-231
In base 15, what is 5 - 138?
-133
In base 8, what is 1142 - 2?
1140
In base 13, what is -12 - -9?
-6
In base 6, what is -304 - 5?
-313
In base 12, what is 0 + -6b?
-6b
In base 2, what is -11001110 - -1000011?
-10001011
In base 10, what is 160 - 2?
158
In base 10, what is -6 - 172?
-178
In base 4, what is 1 - 122?
-121
In base 9, what is 6 - 35?
-28
In base 12, what is 93 + a?
a1
In base 14, what is -1c - -8?
-14
In base 2, what is -110001010000 + 101?
-110001001011
In base 11, what is -3 - -2919?
2916
In base 11, what is 21 - 2?
1a
In base 16, what is 4 - 34?
-30
In base 15, what is 50 - -d?
5d
In base 5, what is -2 + 11442?
11440
In base 6, what is 10 - -15?
25
In base 16, what is -854 - -1?
-853
In base 12, what is 58a + -3?
587
In base 2, what is 11010 + 10101?
101111
In base 10, what is 69 - -50?
119
In base 5, what is -3 - -40012?
40004
In base 11, what is 4 - -309?
312
In base 7, what is 3663 + 3?
3666
In base 7, what is 1 - 1143?
-1142
In base 2, what is 101 + -1001010011101?
-1001010011000
In base 10, what is -121 + 24?
-97
In base 15, what is 1 - 6?
-5
In base 14, what is 3 - -45?
48
In base 15, what is 6 + -eb?
-e5
In base 5, what is 1344 + 11?
1410
In base 11, what is -172 - -7?
-166
In base 2, what is 1011100111001 + -101?
1011100110100
In base 5, what is 32032 - -3?
32040
In base 12, what is -1 + -1b?
-20
In base 5, what is -103320 + -3?
-103323
In base 12, what is -5 - 95?
-9a
In base 9, what is 0 - 477?
-477
In base 10, what is -1 + -1006?
-1007
In base 11, what is 0 - -70?
70
In base 5, what is 4314 + 0?
4314
In base 8, what is -3 - -31?
26
In base 14, what is a + -148?
-13c
In base 11, what is 492 - 2?
490
In base 10, what is -17 + 4?
-13
In base 7, what is 160 + 4?
164
In base 15, what is 5 + 91?
96
In base 10, what is 1 - -3471?
3472
In base 11, what is 1 - 17a?
-179
In base 7, what is -163 - 0?
-163
In base 9, what is 16 + 3?
20
In base 5, what is 0 - -13002?
13002
In base 5, what is -1 - -121?
120
In base 4, what is 11 + -132013?
-132002
In base 8, what is -2 - 317?
-321
In base 3, what is 1011 - 1?
1010
In base 7, what is 3 - 301?
-265
In base 11, what is -111 + -5?
-116
In base 15, what is 1 - -86e?
870
In base 14, what is 3 - -265?
268
In base 2, what is 1 - 110111010?
-110111001
In base 9, what is 65 - 7?
57
In base 11, what is 13735 - 3?
13732
In base 5, what is 4 - -11?
20
In base 6, what is -11 + 3020?
3005
In base 7, what is -42 - -4?
-35
In base 11, what is -3 - 13?
-16
In base 5, what is -34002 + 0?
-34002
In base 6, what is 5053 - 5?
5044
In base 7, what is 45 + 3?
51
In base 5, what is 2103 - -2?
2110
In base 8, what is -236 + -11?
-247
In base 13, what is 33 - -16?
49
In base 9, what is -2 + -208?
-211
In base 16, what is 0 - 3b?
-3b
In base 15, what is -1b8 + -1?
-1b9
In base 13, what is c - -acc?
b0b
In base 6, what is 243 + 0?
243
In base 14, what is 0 + 65?
65
In base 4, what is -30 + -1?
-31
In base 4, what is 330 + -30?
300
In base 9, what is -100 + -7?
-107
In base 14, what is 4 - -13d5?
13d9
In base 16, what is 3 - 209?
-206
In base 3, what is 0 + 20112?
20112
In base 2, what is 101000 - -101?
101101
In base 14, what is -892 + -4?
-896
In base 3, what is 10202